0233e (base 16) in base 11?
662653
What is 216e7 (base 15) in base 8?
317320
Convert 7b41b (base 13) to base 8.
667032
4757199 (base 10) to base 11
275a177
What is 35a370 (base 13) in base 2?
100111000010100010100
Convert 75234 (base 13) to base 5.
23230133
What is 35255722 (base 8) in base 12?
26aab2a
Convert -101110001001011000110 (base 2) to base 11.
-9430a8
200030320 (base 4) to base 10
131896
Convert -2211310 (base 4) to base 9.
-15501
Convert -56299 (base 10) to base 13.
-1c819
What is -7789468 (base 10) in base 14?
-106aa28
Convert -182d (base 14) to base 12.
-2629
442155 (base 12) to base 16
108251
Convert 1000271 (base 10) to base 5.
224002041
What is 1668b8 (base 12) in base 7?
3162116
What is 15c87a (base 14) in base 11?
482428
What is c7eed (base 16) in base 5?
202201200
-251d1a (base 14) to base 3
-2101200021210
-1561527 (base 11) to base 16
-28b083
-33212130 (base 5) to base 14
-77171
Convert 357153 (base 9) to base 6.
4340120
What is -2515d (base 14) in base 11?
-62274
2043345 (base 7) to base 14
65995
331030420 (base 6) to base 4
112213212030
Convert 48223 (base 10) to base 8.
136137
-2881 (base 10) to base 12
-1801
-1b7a7 (base 15) to base 6
-1530134
Convert -64425251 (base 7) to base 4.
-110323102211
23043c7 (base 13) to base 16
a4717b
-7161074 (base 8) to base 11
-1083200
What is 125177 (base 9) in base 7?
434323
Convert -2325354 (base 6) to base 3.
-20010020021
Convert 1122315 (base 6) to base 15.
120d5
Convert -2351456 (base 10) to base 6.
-122222212
Convert -10110010110010 (base 2) to base 7.
-45234
What is 202340241 (base 5) in base 11?
513467
Convert 1186466 (base 11) to base 16.
1f682a
-12c7aa (base 13) to base 2
-1101111010110100110
What is 12030442 (base 5) in base 2?
11011001100001100
What is 402410123 (base 5) in base 8?
6102401
What is 2085024 (base 9) in base 5?
241302122
-10774b (base 16) to base 3
-2000211021020
What is -12331231313 (base 4) in base 7?
-21342416
What is -b8778 (base 13) in base 8?
-1212345
764b (base 15) to base 2
110000111010110
18417 (base 11) to base 15
7996
Convert -7696b (base 13) to base 15.
-43949
-102463 (base 13) to base 3
-201010101101
What is -1230733 (base 10) in base 6?
-42213501
What is -63906 (base 11) in base 5?
-10433214
What is 11212020012000 (base 3) in base 12?
a46946
Convert 315995 (base 12) to base 11.
490a8a
What is -5915630 (base 10) in base 8?
-26441756
Convert 1269825 (base 10) to base 3.
2101111212120
Convert -23112221322 (base 4) to base 8.
-13265172
What is -1ff61 (base 16) in base 8?
-377541
a6de9 (base 15) to base 16
814ec
Convert -20132021332 (base 4) to base 11.
-1287471
Convert 482623 (base 14) to base 4.
21121320213
-78323 (base 14) to base 8
-1071233
Convert -386378 (base 10) to base 9.
-648008
-51 (base 9) to base 6
-114
Convert c2c6a (base 15) to base 14.
120c30
Convert -10000343300 (base 5) to base 15.
-cd2285
What is 56098b (base 13) in base 6?
111255403
10120101121121 (base 3) to base 15
277271
What is 293598 (base 12) in base 9?
1261828
Convert 281202 (base 10) to base 15.
584bc
12e3de (base 15) to base 10
908759
Convert -b8112 (base 13) to base 5.
-41110211
Convert -1002502 (base 8) to base 4.
-1000111002
eb78c4 (base 15) to base 2
101010110001101110100110
69436 (base 14) to base 4
332200120
What is -c4b18 (base 16) in base 14?
-16d86c
20211200001 (base 3) to base 10
134623
Convert -20331000 (base 5) to base 3.
-22111221100
-2024001 (base 8) to base 10
-534529
Convert c511c6 (base 16) to base 8.
61210706
What is -44231112 (base 5) in base 3?
-201110202122
-6127731 (base 9) to base 7
-36523240
Convert 1f8b03 (base 16) to base 5.
1012122303
What is -12001010201001 (base 3) in base 5?
-1141221324
-2407076 (base 8) to base 2
-10100000111000111110
-400d1 (base 16) to base 6
-5342333
Convert 3131370 (base 8) to base 9.
1507560
What is 110200100110020 (base 3) in base 9?
13610406
What is -96ec7 (base 16) in base 7?
-5153166
What is 1113410002 (base 5) in base 9?
4602441
Convert -b1f7e (base 16) to base 11.
-45874a
Convert -6622341 (base 7) to base 4.
-3012111300
What is -10001010011111010111 (base 2) in base 11?
-358207
-10723 (base 9) to base 8
-15755
221410153 (base 6) to base 14
76111b
Convert b8030 (base 12) to base 3.
110021220100
Convert 343265 (base 10) to base 13.
c0320
What is 201003002102 (base 4) in base 16?
843092
-3152220 (base 12) to base 13
-1c116a5
What is -9d3e (base 15) in base 2?
-1000001001001111
What is 1574461 (base 12) in base 16?
42e089
-25126 (base 14) to base 15
-1bd72
Convert 111331023 (base 4) to base 10.
89931
1356685 (base 11) to base 16
23a7d4
What is 13a355 (base 11) in base 10?
218707
-389734 (base 11) to base 5
-124110034
Convert 1101110001100100101001 (base 2) to base 5.
1411022141
Convert 12000102022 (base 3) to base 7.
560546
685250 (base 11) to base 14
20552a
What is -48992 (base 11) in base 4?
-101030002
272635 (base 9) to base 8
504161
Convert -830554 (base 10) to base 14.
-178974
Convert -3302424 (base 5) to base 13.
-1c9cc
What is -551154421 (base 6) in base 12?
-3375a11
What is -450014 (base 6) in base 13?
-1415b
Convert 120827 (base 10) to base 8.
353773
173858 (base 10) to base 11
109693
Convert -1011101011011101101011 (base 2) to base 14.
-599a67
3062634 (base 9) to base 14
308132
What is 523846 (base 9) in base 13?
ab88b
201142511 (base 6) to base 8
15026513
What is a2077 (base 13) in base 6?
10115022
What is 5f606 (base 16) in base 3?
201211212222
Convert 145018 (base 9) to base 2.
10101101101111011
-123331330 (base 7) to base 14
-1078d17
What is -16634 (base 10) in base 11?
-11552
-1520222 (base 6) to base 15
-1b20e
Convert -1001111011100110100 (base 2) to base 3.
-121112101220
138662 (base 9) to base 7
503060
Convert 5b290 (base 14) to base 10.
222782
Convert -2541515 (base 8) to base 4.
-2230031031
-2464255 (base 8) to base 5
-133312112
What is -22034153 (base 7) in base 3?
-10120002000202
1472aae (base 15) to base 4
320123033300
What is -6942b (base 13) in base 5?
-22114402
-10400024 (base 5) to base 7
-525153
-583e (base 16) to base 13
-a389
Convert -2489301 (base 11) to base 14.
-805269
Convert 32152 (base 11) to base 15.
dcc8
-10001101010100011111 (base 2) to base 14
-110d43
Convert -12160263 (base 7) to base 6.
-35211113
2201221110210 (base 3) to base 11
904538
-12133634 (base 7) to base 10
-1084199
-4b839 (base 15) to base 6
-5101543
e14d (base 16) to base 9
87105
-222022000011 (base 3) to base 16
-7e5da
Convert 4102004340 (base 5) to base 15.
ac9ed0
Convert 11112200010 (base 3) to base 10.
89427
Convert -1619369 (base 10) to base 3.
-10001021100122
Convert 1001001001100000001110 (base 2) to base 7.
26245621
-20424100 (base 5) to base 12
-82825
32e81 (base 15) to base 14
43000
What is 6390582 (base 11) in base 6?
1041004035
Convert -aa0169 (base 12) to base 9.
-5058070
8a8684 (base 13) to base 5
1314242102
Convert -1878167 (base 9) to base 14.
-1d6a58
-1322421400 (base 5) to base 2
-1100101100001000001011
-1131525 (base 9) to base 3
-1011001120212
Convert -286a38 (base 16) to base 12.
-a78934
What is 572355 (base 9) in base 14?
8cd87
Convert 8351c (base 13) to base 5.
30022244
What is 39718 (base 11) in base 10?
56768
Convert -150113414 (base 6) to base 11.
-181aa37
-1351120 (base 9) to base 10
-742221
What is 2a90 (base 16) in base 13?
4c62
What is 250dc (base 16) in base 13?
5410a
What is -573896 (base 12) in base 6?
-45525510
-c429 (base 16) to base 9
-75786
Convert -3ba12 (base 13) to base 5.
-12032210
What is -326744 (base 8) in base 16?
-1ade4
Convert 6a863 (base 11) to base 10.
102193
1020257 (base 9) to base 3
1000200021221
12303412 (base 5) to base 4
131013000
What is -112020031 (base 5) in base 4?
-1322120102
Convert -22010022010200 (base 3) to base 5.
-2101112013
-102121101202120 (base 3) to base 8
-27420060
What is 123c1 (base 13) in base 12?
17557
-23301202303 (base 4) to base 7
-35143405
What is 23402423 (base 5) in base 13?
77406
What is 42166 (base 15) in base 12?
a1343
Convert -dab37 (base 15) to base 7.
-5621332
Convert -77157 (base 11) to base 3.
-12200121200
Convert -5339020 (base 11) to base 10.
-9396882
Convert 298258 (base 14) to base 4.
11200133212
1180827 (base 9) to base 16
9d243
Convert -1230312323 (base 4) to base 13.
-127c49
50893 (base 13) to base 9
238817
27858 (base 